common factor of c and 1885?
29
Let b = 57 + -83. Let v = b - -32. Let x be 1 + 12*v/(-27)*-3. What is the highest common factor of x and 27?
9
Let n(c) = c**3 - 14*c**2 + 8*c + 42. Let g be n(12). Let q = 191 + g. Calculate the greatest common divisor of 41 and q.
41
Suppose 5*j + 5*y = 2095, j + 3*y - 309 - 100 = 0. Suppose 0 = -6*g - 220 + j. Calculate the highest common factor of g and 221.
17
Let o be (2/5)/((-1)/(-30)). Let j be 11355/35 + (4/(-42) - ((-300)/45 - -7)). Calculate the greatest common divisor of j and o.
12
Suppose 0 = -5*x - 12 - 3, 0 = -2*r + 3*x + 17. Let c(k) = 5*k + 211 + 217 - 447. Let q be c(4). Calculate the greatest common divisor of q and r.
1
Let n(j) = -j**2 + 10*j - 39*j**3 - 2*j**2 + 1 - 11*j. Let m be n(-1). Suppose 0 = -d - 2 + 1, -4*w + m = 2*d. Calculate the highest common divisor of w and 10.
10
Let u be (-10)/(2 + (-16)/4). Suppose 4*t = 5*b - 45, 0*b + 3*t = -2*b - u. Suppose -b = w - 7. What is the highest common divisor of 14 and w?
2
Let c be (5 - 2)/(4*(-24)/(-864)). What is the greatest common factor of c and 453?
3
Let z be -3*(-16)/12 + (-6318)/(-23 - -10). What is the highest common divisor of z and 1372?
98
Let r(f) = -16*f - 19. Let n be r(-8). Suppose 0 = -2*u + 2*p - 56, -4*u + 0*p = -p + n. Let w = u - -39. Calculate the greatest common factor of 6 and w.
6
Let p(z) = -z**3 + 42*z**2 - 117*z + 11. Let h be p(15). Calculate the highest common factor of h and 61.
61
Suppose 3*u - 6 = 0, -2*z - 4*u + 1008 = -1172. Calculate the highest common divisor of z and 30.
6
Let i(t) = 7*t**3 - 3*t**2 + 2*t + 4. Let q be i(-1). Let h(z) = z**3 + 7*z**2 - 12*z + 13. Let k be h(q). What is the highest common factor of k and 18?
9
Suppose -9*q - 15*q = -18*q - 18. What is the highest common factor of 13 and q?
1
Let g = 2758 + -2597. Let k = -8 + 15. What is the highest common divisor of k and g?
7
Let p(n) = n**2 + 62*n + 951. Let w be p(-38). Suppose -4*j = j + 30. Let l be 3*(-1)/j*6. What is the greatest common factor of w and l?
3
Suppose 33*w - 51*w = -540. Let b(c) = -2*c + 8. Let y be b(-7). Let n = w - y. Calculate the greatest common factor of 20 and n.
4
Let h(b) = -14*b**2 - 19*b + 14. Let t(s) = 5*s**2 + 7*s - 5. Let u(i) = -6*h(i) - 17*t(i). Let k be u(-5). Calculate the highest common divisor of 23 and k.
1
Let r = -123 + 210. Suppose 0 = 137*q - 139*q - 5*j + 67, 24 = -2*q + 2*j. What is the greatest common factor of r and q?
1
Suppose -2*s = -s - 168. Let j = 5413 + -5389. What is the highest common divisor of s and j?
24
Let f(o) = -o**3 - 5*o**2 + 15*o - 4. Let i be f(-8). Let t be ((-18)/15)/3*15. Let u = t + 23. Calculate the highest common factor of i and u.
17
Suppose 11*f + 4*f + 2895 = 0. Let i = f + 357. Calculate the highest common divisor of 246 and i.
82
Suppose 0 = 3*p - 3, -p = -4*u - 259 - 286. Let j = u + 658. Calculate the highest common factor of 58 and j.
58
Suppose -38 = -4*v + 114. Suppose -2*o - v = -3*o. Suppose -5 = 5*i, 4*y + 6 = -4*i + o. What is the highest common divisor of 1 and y?
1
Let k(w) = -w**2 + w + 130. Let r be k(0). Let s(u) = 102*u + 2780. Let d be s(-27). Calculate the highest common divisor of r and d.
26
Let c = 23 - 27. Let x be 297/36 - 3/c. Suppose -4*t + 5 = -x*t, -245 = -2*u + 5*t. What is the greatest common factor of u and 24?
24
Let j(l) be the third derivative of 19*l**4/24 + 2*l**3/3 - 13*l**2. Let a be j(5). Let d = 176 - a. Calculate the highest common divisor of 7 and d.
7
Let o = 701 + -1536. Let d = o + 1177. Let w = -18 + 56. Calculate the greatest common divisor of d and w.
38
Suppose 1076 - 177 = 30*p - 1. Suppose 2*u - 52 = 98. What is the highest common factor of p and u?
15
Suppose -5*c + 4*m = -8357, -c - 3*m + 1757 - 78 = 0. What is the highest common divisor of 239 and c?
239
Suppose 65*k - 6*k = 7*k + 454480. Calculate the greatest common divisor of k and 38.
38
Let w = -3633 - -3680. Let f = -52 + 428. Calculate the highest common factor of w and f.
47
Let g = 216 + -214. Suppose -g*a = -2 - 38. Calculate the greatest common divisor of 15 and a.
5
Let q(r) = -10 + 15 + r**2 + 4*r - 7*r. Let g be q(3). Suppose l = g*i - 13, -3*i - l = -6*l - 21. Calculate the greatest common divisor of i and 22.
2
Let y = 5180 - 4502. What is the greatest common divisor of y and 565?
113
Suppose -12*f = -5*f + 938. Let p = -128 - f. Calculate the highest common factor of p and 4.
2
Let i = 299 + -298. Let g be 0 + (-3 - i) - (-984)/6. What is the highest common factor of g and 32?
32
Let u be (1/2)/((-114)/24 - -5). Let c be (6/(-1) - -54)/u. Calculate the highest common divisor of c and 24.
24
Let q be 8/80 + -15*207304/(-400). What is the greatest common factor of 46 and q?
46
Suppose 2*m - 10 - 2 = 2*n, 0 = 2*n - 3*m + 17. Let b(r) = 6*r**2 + 48*r + 48. Let y be b(n). What is the greatest common factor of y and 6?
6
Let b(k) = 7*k + 3. Let l be b(9). Let f(x) = 6*x - 67. Let y be f(12). Let d be (855/y - 6)/1. What is the greatest common divisor of l and d?
33
Suppose -5*a = -18 - 1787. Suppose 3*i - 15 = 0, -5*i - 294 = -5*w + a. Calculate the highest common factor of w and 8.
8
Suppose -19 = -3*r + 3*f + 5, -2*r - 4*f = -16. Let y = -181 - -197. Suppose 17*m - y = 13*m. What is the highest common divisor of m and r?
4
Suppose 0 = -b - m + 18, -4*b - 5*m + 99 = -10*m. Suppose -b*c = -23*c. Let p be 2 + 15 + c/2 + -1. Calculate the highest common divisor of 16 and p.
16
Let v be -4*8/(-96)*-9. Let o(g) = -g**3 + 9*g**2 + 25*g + 6. Let i be o(v). What is the greatest common divisor of i and 182?
13
Suppose 41*t + 40 = 6*t + 110. What is the greatest common factor of 482 and t?
2
Suppose -2*g + 5*f = -100, -28*g = -33*g + 6*f + 224. What is the highest common factor of 5320 and g?
40
Suppose 0 = 25*m + 142 - 767. Let g(b) = 5*b**2 - 106*b - 5. Let t be g(m). What is the greatest common divisor of 10 and t?
10
Let z = 95 - -4. Let s(r) = -42*r + 345. Suppose 343*g = 353*g - 80. Let f be s(g). What is the greatest common divisor of z and f?
9
Let k be 4 + (-17)/4 + 313/4. Let c = k - 44. Calculate the greatest common divisor of 85 and c.
17
Let k be (-10*(-3)/(-2))/((-25110)/1044 - -24). What is the highest common factor of 2755 and k?
145
Suppose c = 3*i + 11, 0 = -i - 2 - 1. Suppose -4*k - q = c*q + 15, -5*k = 3*q + 21. Let v be (k/10*45/(-9))/1. What is the greatest common divisor of v and 3?
3
Suppose 0 = 112*m - 90*m - 1260864. What is the highest common factor of 144 and m?
144
Suppose -23*f + 17*f + 150 = 0. Suppose 3*y + 62 - 362 = 0. Calculate the greatest common factor of f and y.
25
Let i be 100/(-3)*((-46)/4 + (335 - 334)). Calculate the highest common divisor of i and 1090.
10
Let l(k) = 23 - 177*k + 216*k + 248*k. Let x be l(1). Let u(t) = 2*t**2 + 4*t + 1. Let g be u(3). What is the greatest common divisor of x and g?
31
Suppose 8439 = 11*f - 13033. What is the greatest common factor of f and 48?
16
Let r(c) = 39*c**2 - 14*c - 88. Let f be r(-6). What is the highest common divisor of f and 25?
25
Let p be (-1 - (-1128 + 1)) + -13*48/(-312). Calculate the highest common divisor of p and 168.
24
Let x be 15/(-1)*4/5. Let u be ((-16)/x)/((-4)/(-4410)). Suppose -9*w + 2*w = -u. Calculate the highest common divisor of 30 and w.
30
Let b be ((-45)/(-6) - 5)/(6/72). Let x be (b - -2) + (-7)/(14/8). Calculate the greatest common divisor of 14 and x.
14
Suppose -214*x + 1488 + 3006 = 0. Let o = -38 - -66. Calculate the greatest common factor of x and o.
7
Suppose 5*b + 3*m = 2*m + 263, -3*b - 5*m + 171 = 0. Let o be 41 - 3 - (2 + -4 + 1). Calculate the greatest common factor of b and o.
13
Suppose 4*f = d + 3*d + 124, -2*f = 5*d - 90. Suppose 5*c + 0 = 25. Suppose -3*s + 3*y + f = 2*y, -s = c*y - 17. What is the highest common factor of 16 and s?
4
Let a be -34*(5 - 4)*2. Let w = 16 - a. Calculate the highest common factor of 21 and w.
21
Let v = -57 + 81. Let d = 11 - v. Let f = -2 - d. Calculate the greatest common factor of 55 and f.
11
Let k = 3758 - 1908. Calculate the greatest common factor of 222 and k.
74
Suppose -p + 16 = -2*g - 3, 0 = -g. Suppose -t + 643 = 10*n, 3*n - 7*n = -5*t + 3539. What is the highest common divisor of p and t?
19
Suppose -5*n - 57 = z - 366, -5*n - 5*z + 345 = 0. Let j be 30/((-6)/(-8) - 0). What